Let s(n) = 4*b(n) - 3*z(n). Determine s(14).
-5
Let i(c) = c**2 + 3*c - 5. Let p(d) = -d + 13. Let j be p(10). Let y be 1/((3/(-5))/j). Give i(y).
5
Let k(f) = f**2 - 5*f + 3. Let z be k(3). Let w(p) = -3*p**2 - 13*p + 13. Let v(j) = -j**2 - 4*j + 4. Let x(h) = -7*v(h) + 2*w(h). Give x(z).
1
Let m(w) be the first derivative of w - 1/2*w**2 - 1. What is m(4)?
-3
Let d(k) be the second derivative of k**4/12 - k**3/3 + k**2/2 - k. Let q be (-2)/((-2)/6 - -1). Let u = -2 - q. Calculate d(u).
0
Let y(o) = 2*o - 1. Suppose 2*k = k + 1. Give y(k).
1
Let f(p) = -9*p**2 - p. Let w be f(-1). Let x be w/(-20) + (-16)/(-10). Let g = 5 - x. Let u(z) = z + 3. What is u(g)?
6
Let l(o) = -o**3 + 5*o**2 - 5*o + 1. Suppose -5*y + 20 = -0. Calculate l(y).
-3
Let k be (4 + -1)*(-2)/(-3). Let c(l) = 2*l - 3*l + 2*l - k. Give c(4).
2
Suppose -3*v + 19 = -29. Suppose 0 = 3*a - 2*a + 4*i + 13, -i + v = 3*a. Let l = a + -8. Let p(o) = 7*o**2 - o - 1. Give p(l).
7
Let x(i) = -5*i**3 + 17*i**2 - 15*i + 5. Let u(z) = -2*z**3 + 6*z**2 - 5*z + 2. Let g(j) = -8*u(j) + 3*x(j). Determine g(-4).
3
Suppose 5*l + 0*s - 17 = -3*s, 4*l = -4*s + 12. Suppose -5 = l*d + 15. Let n(h) = -2*h**2 + 7 + 0*h**2 + 3*h**2 + 5*h. What is n(d)?
7
Let l(r) = -2*r**3 - 4*r**2 - 4*r - 3. Suppose -16 = -4*n, -3*n = -5*c - 0*n + 3. Suppose -c*y + 4 = -i, -i - 3*y - y - 4 = 0. Let f = 2 + i. Give l(f).
5
Let x(i) = i**3 - i**2 + i. Let g be ((-2)/8)/((-4)/(-16)). Let r(y) = -9*y**3 - 5*y**2 + 5*y - 1. Let a(u) = g*r(u) + 5*x(u). Calculate a(-1).
-13
Suppose 5*d + 2*m - 6 = 3*m, 0 = 3*m + 3. Suppose 7 = 3*i + d. Let x(y) = 3*y**3 - 4 + 0*y + 2*y**i - 4*y**3 + 7*y - 1. What is x(4)?
-9
Let q(g) be the third derivative of -g**4/24 - g**3/3 + 54*g**2. Give q(-6).
4
Let w(i) = -9*i**3 + 2*i**2 - 1. Let o = 66 - 65. What is w(o)?
-8
Let u = -1 - 0. Let z(n) = 21*n**2 + 5. Let c(x) = -7*x**2 + 3 - 7 + 2. Let p(d) = -8*c(d) - 3*z(d). What is p(u)?
-6
Let c be ((-3)/(-12)*0)/(-1). Let o(s) be the third derivative of s**6/120 - s**5/60 - s**4/24 + 2*s**3/3 - s**2. Calculate o(c).
4
Let j(o) = -o - 13. Let t(f) = -2*f**3 + 2*f**2 + f. Let l be t(-1). Suppose 0 = -2*n - i - 13, l*n + 5*i + 23 = 0. Determine j(n).
-7
Let j(q) be the first derivative of -q**5/120 - q**4/12 - q**3 + 4. Let k(g) be the third derivative of j(g). Calculate k(2).
-4
Suppose -3*d = 5*x + 2, 2*x + 3*x + 4*d + 6 = 0. Let q(c) = -3*c + c + x + 5. Let b = -19 + 24. Give q(b).
-3
Let i(p) = p**2 + 2. Let n be i(0). Let b(t) = -t**n + 0*t**3 + 1 - 2*t**2 - 3*t + 4*t**2 + t**3. Give b(2).
7
Let n be ((-1)/(-3))/((-3)/(-36)) - 4. Let s(f) = -f**3 - 4. What is s(n)?
-4
Let m(y) be the second derivative of y**3 - 17*y. Let x(i) = i + 2*i**2 + 4*i**2 - 5*i**2 + 1. Let q be x(-1). Determine m(q).
6
Let a(u) be the first derivative of 3*u**4 + u**3/3 - u**2/2 - 42. Calculate a(1).
12
Let o(y) = 2*y - 7. Let d be o(5). Let u(s) = -s - 3. Calculate u(d).
-6
Let k be (-14)/35 + (-56)/10. Let y(m) = -m**3 - 5*m**2 + 7*m + 3. Determine y(k).
-3
Let a(d) = -2*d - 1. Let l be a(-1). Let g be 4 + l*(0 + -2). Let k(b) = b**2 - 2*b + 2. Let j be k(g). Let y(p) = p**2 + p. What is y(j)?
6
Let z(g) = g**2 - 7*g + 7. Let m = -80 - -85. Calculate z(m).
-3
Suppose 0 = 2*o + 2 - 8. Let w(u) = -7*u**2 + 8*u - 5. Let a(g) = 11*g**2 - 12*g + 8. Let x(s) = -5*a(s) - 8*w(s). Determine x(o).
-3
Let t(w) be the second derivative of w**4/12 - w**3/6 - 5*w**2/2 + 13*w. What is t(0)?
-5
Let i(n) = -4*n + 1. Let d(y) = -2*y. Let q(l) = 5*d(l) - 2*i(l). Suppose -2*z - 2 = -6. Suppose -t - 3 = 0, x - z*t + 0 = 3. Calculate q(x).
4
Suppose 11 = 3*y + 2. Suppose 0 = 2*c, 0 = -4*z + z + c + y. Let t(p) = 5*p**2 + 1. What is t(z)?
6
Let i(j) = 5 - j + 0*j**2 + 4*j**2 + 2*j - 5*j**2. Give i(0).
5
Let y(u) = u**2 - 19. Let i be y(-5). Let n(g) = -g**2 + 2*g + 1. Determine n(i).
-23
Suppose 5*m + 0*t + t = -21, -3*m - 11 = -t. Let f(p) = -3*p**2 + p + 4*p**3 - 5*p**3 + 0*p**2 - 1. Calculate f(m).
11
Let x(u) be the third derivative of u**6/120 - u**5/20 + u**4/12 - u**3/6 + u**2. Suppose 37 = 4*b - 5*k - 0*k, -k = 5. Calculate x(b).
5
Suppose 0*b - 2 = -2*l - 5*b, -2*b + 2 = 2*l. Let t be 1/(10/4 - 2). Let h(p) = -p - t*p - p - l. Give h(-2).
7
Let g(s) = -3*s - 2. Let u(i) = 2*i + 2. Let n(m) = -3*g(m) - 4*u(m). Let y be n(3). Let r(k) = -4*k - 1. What is r(y)?
-5
Suppose -s = -3*n + 3, -3*n = 3*s - 0*n - 15. Let i(f) = -3*f**2 + 2 - f + 2 + f**s - 2 + 0*f**2. Determine i(2).
-4
Let b(y) = -2*y + 1. Let o(i) = -i**2 + i + 1. Suppose -3 = j - 1. Let f(x) = x**2 - 6*x. Let s(w) = j*o(w) - f(w). Let m be s(-4). What is b(m)?
5
Let m be (-230)/(-70) + 2/(-7). Let g(i) = i + 3. Let k(v) = 4*v + 13. Let n(t) = 18*g(t) - 4*k(t). Give n(m).
8
Let n(o) = -o**2 + 5*o + 4. Let t = -36 - -43. Determine n(t).
-10
Let b(y) = 4*y - 2. Suppose 2*z - 18 = -5*d, 0 = 3*d + 2*z - 10 - 4. What is b(d)?
6
Let w(u) be the first derivative of u**5/20 - u**4/12 - u**3/6 - 3*u**2/2 + u - 2. Let c(d) be the first derivative of w(d). Calculate c(0).
-3
Let m(q) be the third derivative of q**3/6 - 2*q**2. Let y(c) = c + 3. Let s(z) = -2*m(z) + y(z). Let w be ((-1)/1)/1 + -1. Calculate s(w).
-1
Let u(y) = -y**2 - y + 1. Let s(g) = -2*g**2 + 5. Let q(a) = -s(a) + u(a). Let h(m) = -m - 2. Let k be h(-2). Give q(k).
-4
Let h(t) = -6 + 8 + 3*t - 8. What is h(5)?
9
Suppose 2*p = 22 - 8. Let j = -6 + p. Let y be j - 2 - 2*-3. Let z(r) = -r**2 + 5*r + 3. Determine z(y).
3
Let b be ((-36)/(-8))/(3/8). Let s be b/8*(-1 - 1). Let z(h) = -h**3 - 5*h**2 - 4*h - 2. Calculate z(s).
-8
Let s(z) = -z + 6. Let p(x) = 2*x - 7. Let i(a) = 3*p(a) + 4*s(a). Let o be -2 - (0 - 1)/(-1). Let r = -1 + o. Calculate i(r).
-5
Let f(d) be the third derivative of -d**5/20 + d**4/8 - d**3/2 - 7*d**2. Give f(2).
-9
Let v(l) = -1 + 2*l - 9 - 3*l. Let q be ((-12)/(-10))/(-3)*5. Let y be (15/6)/(1/q). Determine v(y).
-5
Let i(c) = 4 - 10 + 5 + 2 - 16*c. What is i(-1)?
17
Let x(w) be the second derivative of 0 + w**2 - 5/6*w**3 - 2*w. Let v(y) = -y**2 - 28*y + 2. Let t be v(-28). Calculate x(t).
-8
Suppose 0 = -10*g + 5*g + 20. Let l(u) = -1 + 4*u**2 - u + 3 + 0 - u**3 - 5. Determine l(g).
-7
Let b be (-21)/(-5) - (-1)/(-5). Let z(t) = -t**3 + 110*t**2 + t - 47*t**2 - 59*t**2 - 5. What is z(b)?
-1
Suppose 5*v - 12 = 2*v. Suppose 6*t = 2*t - 3*z + v, -2*t + z = -2. Let h(u) be the second derivative of -u**3/3 + u**2/2 - u. Calculate h(t).
-1
Let x be 4 - (-2 + (-4)/(-1)). Let t(p) be the second derivative of 0 + p - p**x + 1/6*p**3. What is t(2)?
0
Let z(y) = -y**2 - 6*y. Let n be 129/(-6) + 3/6. Let b be (-6)/n + 44/(-7). Give z(b).
0
Suppose -2 - 2 = -d. Let n = 6 - d. Let w(p) = 4*p**2 - n*p**3 + 4 + 2*p + 0 + 3*p**3. Determine w(-4).
-4
Let l be 3/(15/(-6) + 1). Let z(w) = 7*w - 2. Let b(o) be the third derivative of -o**4/24 - o**2. Let m(s) = 4*b(s) + z(s). Calculate m(l).
-8
Let d(b) be the third derivative of b**6/720 + 7*b**5/120 - b**4/12 + b**2. Let f(u) be the second derivative of d(u). Determine f(-6).
1
Let q(s) be the second derivative of -s**4/12 - 2*s**3/3 - 2*s**2 - 10*s. What is q(-4)?
-4
Let c(m) be the third derivative of -m**5/120 - m**3 + 6*m**2. Let z(v) be the first derivative of c(v). Give z(5).
-5
Let o(l) be the third derivative of l**4/24 + l**3/3 - 6*l**2. Determine o(-4).
-2
Let v(z) = 2*z**2 - z + 1. Suppose 12 = -2*o - 5*q - 1, o - 3*q - 10 = 0. Determine v(o).
2
Let l(t) = -5*t. Suppose 2 = -r + 3*r. Calculate l(r).
-5
Let k(d) = -4*d + 4 + 3*d + 0*d. Give k(6).
-2
Let w(u) = -u**2 - 2*u - 3. Let c be w(-2). Let r(v) be the third derivative of -1/60*v**5 + 1/6*v**4 + 4*v**2 - 1/120*v**6 - 1/6*v**3 + 0*v + 0. What is r(c)?
5
Let s(c) be the third derivative of c**4/8 - 3*c**3/2 + 2*c**2. Give s(7).
12
Let b(n) be the second derivative of -n**4/12 + 2*n**3/3 + 2*n**2 - 46*n. Determine b(5).
-1
Suppose -2*q + 2*j + 6 = 0, -4*q + 8 + 7 = -j. Suppose -22 = 5*a + q*y, 4*a + 0*y - 4 = 4*y. Let g(x) = 3*x. Give g(a).
-6
Let s be 1*(-6 + (0 - -1)). Let p(l) = -l - 4. Let c(g) = -2*g - 7. Let d(b) = -3*c(b) + 7*p(b). Calculate d(s).
-2
Let m(n) = -n**3 - 3*n**2 + 2. Let z = 19 - 11. Let q(k) = -2*k**3 - 3*k**2 - 2*k - 3. Let i be q(-2). Let w = i - z. Calculate m(w).
2
Let t(d) = -5*d**3 - 5*d**2 + d - 8. Let r(s) = 4*s